48)/10. Suppose -v = -2*u + 33. Calculate the remainder when 56 is divided by u.
18
What is the remainder when 29 is divided by 6/(-4 + 140/32)?
13
Suppose -2*p + 22 = -68. Suppose -4*s = -23 - p. Calculate the remainder when 31 is divided by s.
14
Let x(f) = 3*f**2 - 3*f - 2. Let d(j) = -8*j - 3. Suppose -2*m - 26 = -10. What is the remainder when d(m) is divided by x(3)?
13
Suppose 4*l + 2 = 10, 2*l = -5*u + 274. What is the remainder when u is divided by 14?
12
Let f(j) = 10*j**2 + j - 1. Suppose -6*x + 4 = -2*x. Let z = x - 0. Calculate the remainder when f(z) is divided by 4.
2
Suppose 9 = -n + 11. Suppose 8 = -n*m + 68. What is the remainder when m is divided by 11?
8
Suppose 5*j = -5*f + 230, 4*f - 188 = -3*j + j. Calculate the remainder when f is divided by 17.
14
Let j = 14 - -8. Calculate the remainder when j is divided by 6.
4
Suppose -5*m + 4*m + 5 = 0. Let b = 16 + 1. Calculate the remainder when b is divided by m.
2
Let f = 24 - 9. Calculate the remainder when f is divided by 4.
3
Let l(c) = 5*c**2 + 8*c + 7. Calculate the remainder when 111 is divided by l(-3).
27
Let a = -10 + 14. Suppose -2*t - 3*l + 26 = 0, -5*t + 91 + 20 = -a*l. Let v = 1 - -6. What is the remainder when t is divided by v?
5
Suppose -4*g = 12, -3*c + c + 6 = -2*g. Suppose c = 5*b + 2 - 257. Suppose -3*x + 0*x + b = 0. Calculate the remainder when x is divided by 6.
5
Suppose g - 24 - 13 = 0. Let o(i) = -i**2 + 6*i + 8. Let y be o(7). Calculate the remainder when g is divided by (0 - 0 - y)*-13.
11
Suppose 5*t = -4*p + 16, -3*t - 5*p = -2 - 5. Suppose 4*a - 100 = -4*m, 35 = m - t*a + 7*a. What is the remainder when 57 is divided by m?
17
Suppose -2 + 0 = -m. Let q(k) = -2*k - 12. What is the remainder when q(-8) is divided by m?
0
Let u(y) = -2*y + 4. What is the remainder when u(-17) is divided by 14?
10
Let z = 35 + -18. What is the remainder when 20/(-80) - (-261)/4 is divided by z?
14
Let p(s) = -s**3 + s**2 + 2*s + 53. What is the remainder when p(0) is divided by 20?
13
Suppose -o - o = -5*d + 5, o + 10 = 5*d. Suppose 5*b - o*r - 112 = 8, -b = 2*r - 30. What is the remainder when 50 is divided by b?
24
Let f(r) = -3*r**3 - 6*r - 2. What is the remainder when f(-3) is divided by 25?
22
Suppose -4*b = -b - 6. Suppose -b*z = -4*z + 2*i + 38, -5*z = -i - 75. Calculate the remainder when z is divided by 5.
4
Let t be 6*(-1)/1 + 0. Let u(a) = -a - 2. Calculate the remainder when u(t) is divided by 3.
1
Let b = 160 - 145. Calculate the remainder when ((-70)/4)/5*-12 is divided by b.
12
Let p(i) = -i**3 + 21*i**2 + i - 2. What is the remainder when 37 is divided by p(21)?
18
Let p = -7 - -11. Suppose i = -p*i + 255. Suppose -2*j + i = j. What is the remainder when j is divided by 6?
5
Calculate the remainder when (-1)/(1 - 0)*316/(-4) is divided by 16.
15
Let k(w) = -w**2 - 9*w - 8. Let b be k(-7). Suppose 12 = v - b. What is the remainder when 34 is divided by v?
16
Suppose -45 = -4*h + 4*p + p, -5*h = -3*p - 40. Calculate the remainder when -2 + (-87)/(-9) + 6/18 is divided by h.
3
Suppose 3*x = 4*j - 115 + 43, 80 = 4*j - x. Let i(b) = 12*b - 7. Calculate the remainder when i(4) is divided by j.
20
Suppose 2*w + 0 = -a + 2, 4*w = 2*a + 4. Suppose 4*j - 98 + 6 = a. What is the remainder when j is divided by 8?
7
Let m = -4 - -7. Suppose 3*j - 8 - m = 2*k, 25 = 3*j + 5*k. What is the remainder when j is divided by 2?
1
Let v = 109 - 42. Calculate the remainder when v is divided by 35.
32
Let o(s) = -s**3 - 5*s**2 - 2*s + 1. Let d be o(-5). Let z = d - 0. Let f = 36 - z. What is the remainder when f is divided by 13?
12
Suppose -2*t = -0*t - 8. Calculate the remainder when 15 is divided by t.
3
What is the remainder when 34 is divided by 42/9*(-3)/(-2)?
6
Calculate the remainder when 47 is divided by (-33)/(-77) + (-46)/(-7).
5
Let u = -594 - -866. Let h be u/(-6) - 2/(-6). Let b = -13 - h. What is the remainder when b is divided by 11?
10
Let i = 1 - -2. Suppose 5*r - i*y = 104, 5*r + 4*y = 2*r + 45. Let o = r - 7. What is the remainder when 22 is divided by o?
10
Let k(f) = f**2 + 3*f - 18. Calculate the remainder when 46 is divided by k(-7).
6
Let w = -14 - -35. Calculate the remainder when 40 is divided by w.
19
Let o = -16 + 8. Let j(y) = y**2 + 7*y + 12. Calculate the remainder when 38 is divided by j(o).
18
Let l be (0 + -1)*(-1 - 0). Let v(x) = 25*x**2 + 2*x - 1. Suppose -n = -3*z + 3*n + 23, 0 = 5*z + 4*n - 49. Calculate the remainder when v(l) is divided by z.
8
Suppose -3*u - 5*z - 20 = -60, -4*u + 45 = 5*z. Calculate the remainder when 10/((30/9)/5) is divided by u.
0
Suppose -2*z = -6, 4*z = 2*j - 7*j + 472. Calculate the remainder when j is divided by 12.
8
Suppose 0*s = -2*s + 6. Suppose -l = -3*l + 46. What is the remainder when l is divided by (-3)/(-2)*6 + s?
11
Suppose -3*w + 15 = -0*w. Suppose 4 = w*g - 1. Calculate the remainder when (-4)/(-3) + (-2)/6 is divided by g.
0
Let f = 0 - -2. Suppose 10 = 5*z + 5*d, -4*d - 4 = 2*z - f. Calculate the remainder when 7 is divided by z.
2
Suppose -8*v = -4*v + h - 231, -290 = -5*v - h. What is the remainder when v is divided by 15?
14
Calculate the remainder when 67 is divided by ((-8)/36 - 116/(-36)) + 22.
17
Let y(u) = -10*u - 2. What is the remainder when 55 is divided by y(-3)?
27
Suppose w - 4 = -0*w. Let q(o) = o**2 + 2*o + 6. Let f(n) = n**2 + 3*n + 6. Let u(v) = -6*f(v) + 7*q(v). Calculate the remainder when 11 is divided by u(w).
5
Suppose 3*a = 6*a + 5*l - 48, 4*l + 12 = 0. What is the remainder when a is divided by 12?
9
Suppose -6*u + 7*u = 5. Calculate the remainder when 12 is divided by u.
2
Let o = 42 - 29. Let f be (5/(-2)*2)/1. Let n = f + o. What is the remainder when 23 is divided by n?
7
Let q(m) = 5*m**2 + 6*m - 11. What is the remainder when 132 is divided by q(-4)?
42
Suppose l - 4*l + 5*s = -40, -4*s + 19 = l. Calculate the remainder when 28 is divided by l.
13
Suppose 0 = o - 0 - 3. Suppose -4*y + 0 + 4 = -w, o*w - 16 = -2*y. Suppose 3*h - 1 = t, -h = -4*t + t + 13. Calculate the remainder when y is divided by h.
0
Let p be -1 + -1 - (2 - 7). Suppose p*l - 10 = -1, -t + 24 = 3*l. Let g(m) = 6*m - 11. Calculate the remainder when g(9) is divided by t.
13
Let v be -1 + -6 - (0 - 3). Let b be -2*(v - -2) - 2. Suppose -5*f + b*j = -2*f - 4, -4*j + 12 = -f. What is the remainder when 11 is divided by f?
3
Suppose -t - 2*t + 48 = 0. Suppose -4*m + 2*l = -4, 0 = -m + 3*l + l + 8. Calculate the remainder when 31 + (m/2)/(-1) is divided by t.
15
Let i be 1/(-3) + 8/6. Suppose i = -3*a + 46. What is the remainder when a is divided by 6?
3
Let h(i) = i**2 - 6*i + 3. Let m be h(6). Suppose 4*o - 25 = -m*w, 0 = -5*o + 5 - 0. What is the remainder when w is divided by 3?
1
Let w = -7 - -9. What is the remainder when 3 is divided by w?
1
Calculate the remainder when ((-32)/(-8))/(2/10) is divided by 11.
9
Let v = -77 - -107. What is the remainder when 110 is divided by v?
20
Suppose -2*x = -4*a - 30, a = 2*x - 5 - 25. What is the remainder when 28 is divided by x?
13
Let c(a) = 34*a - 1. Let h be c(-1). Let m = 51 + h. Suppose 0 = 2*x - 5*k - 24 - 36, -2*x + 60 = -4*k. Calculate the remainder when x is divided by m.
14
Let c(w) = 4*w**2 + 10*w + 9. Calculate the remainder when 41 is divided by c(-3).
11
Let t = 17 + -12. Let m = 7 + t. Calculate the remainder when 45 is divided by m.
9
Calculate the remainder when 453 is divided by 990/13 + 10/(-65).
73
Suppose -105 + 29 = -4*f. Calculate the remainder when f is divided by 12.
7
Let j(g) be the second derivative of 5*g**3/6 + g**2/2 - g. What is the remainder when 20 is divided by j(2)?
9
Suppose -442 = 11*b - 1586. What is the remainder when b is divided by 15?
14
Suppose 0 = y - 5*y + 20. Let l(o) = -3*o + o - o**2 - o + y. Calculate the remainder when 2 is divided by l(-4).
0
What is the remainder when (7/42)/(1/318) is divided by 19?
15
Let z(j) = -j**2 - 4*j - 1. Let m be z(-4). Let c = -1 + m. What is the remainder when 13 is divided by ((-21)/(-9))/(c/(-6))?
6
Suppose -3*z + 251 = 4*b, -4*b - 21 + 5 = 0. Suppose s - 28 = -u, -5*s - 2*u + 45 = -z. Let k = -79 + 129. Calculate the remainder when k is divided by s.
24
Let h(j) = 3*j**2 + 2*j - 1. Let w be h(1). Suppose y = -w*y + 65. Let p = 8 - 3. What is the remainder when y is di